[INFO] fetching crate grob 0.1.1...
[INFO] checking grob-0.1.1 against master#9610dfe5a9a731ced1ea4923ecbd0c57fe367898 for beta-170-4
[INFO] extracting crate grob 0.1.1 into /workspace/builds/worker-0-tc1/source
[INFO] validating manifest of crates.io crate grob 0.1.1 on toolchain 9610dfe5a9a731ced1ea4923ecbd0c57fe367898
[INFO] running `Command { std: CARGO_HOME="/workspace/cargo-home" RUSTUP_HOME="/workspace/rustup-home" "/workspace/cargo-home/bin/cargo" "+9610dfe5a9a731ced1ea4923ecbd0c57fe367898" "metadata" "--manifest-path" "Cargo.toml" "--no-deps", kill_on_drop: false }`
[INFO] started tweaking crates.io crate grob 0.1.1
[INFO] finished tweaking crates.io crate grob 0.1.1
[INFO] tweaked toml for crates.io crate grob 0.1.1 written to /workspace/builds/worker-0-tc1/source/Cargo.toml
[INFO] crate crates.io crate grob 0.1.1 already has a lockfile, it will not be regenerated
[INFO] running `Command { std: CARGO_HOME="/workspace/cargo-home" RUSTUP_HOME="/workspace/rustup-home" "/workspace/cargo-home/bin/cargo" "+9610dfe5a9a731ced1ea4923ecbd0c57fe367898" "fetch" "--manifest-path" "Cargo.toml", kill_on_drop: false }`
[INFO] running `Command { std: "docker" "create" "-v" "/var/lib/crater-agent-workspace/builds/worker-0-tc1/target:/opt/rustwide/target:rw,Z" "-v" "/var/lib/crater-agent-workspace/builds/worker-0-tc1/source:/opt/rustwide/workdir:ro,Z" "-v" "/var/lib/crater-agent-workspace/cargo-home:/opt/rustwide/cargo-home:ro,Z" "-v" "/var/lib/crater-agent-workspace/rustup-home:/opt/rustwide/rustup-home:ro,Z" "-e" "SOURCE_DIR=/opt/rustwide/workdir" "-e" "CARGO_TARGET_DIR=/opt/rustwide/target" "-e" "CARGO_HOME=/opt/rustwide/cargo-home" "-e" "RUSTUP_HOME=/opt/rustwide/rustup-home" "-w" "/opt/rustwide/workdir" "-m" "1610612736" "--user" "0:0" "--network" "none" "ghcr.io/rust-lang/crates-build-env/linux@sha256:19e73879b68f455e41552ea35293514db52ea292d993f571636dbffedb77a1ee" "/opt/rustwide/cargo-home/bin/cargo" "+9610dfe5a9a731ced1ea4923ecbd0c57fe367898" "metadata" "--no-deps" "--format-version=1", kill_on_drop: false }`
[INFO] [stdout] 443219c791d1493ad346138d62dee4d6e0e57026d8f0f2e23e4d84974d835f26
[INFO] running `Command { std: "docker" "start" "-a" "443219c791d1493ad346138d62dee4d6e0e57026d8f0f2e23e4d84974d835f26", kill_on_drop: false }`
[INFO] running `Command { std: "docker" "inspect" "443219c791d1493ad346138d62dee4d6e0e57026d8f0f2e23e4d84974d835f26", kill_on_drop: false }`
[INFO] running `Command { std: "docker" "rm" "-f" "443219c791d1493ad346138d62dee4d6e0e57026d8f0f2e23e4d84974d835f26", kill_on_drop: false }`
[INFO] [stdout] 443219c791d1493ad346138d62dee4d6e0e57026d8f0f2e23e4d84974d835f26
[INFO] running `Command { std: "docker" "create" "-v" "/var/lib/crater-agent-workspace/builds/worker-0-tc1/target:/opt/rustwide/target:rw,Z" "-v" "/var/lib/crater-agent-workspace/builds/worker-0-tc1/source:/opt/rustwide/workdir:ro,Z" "-v" "/var/lib/crater-agent-workspace/cargo-home:/opt/rustwide/cargo-home:ro,Z" "-v" "/var/lib/crater-agent-workspace/rustup-home:/opt/rustwide/rustup-home:ro,Z" "-e" "SOURCE_DIR=/opt/rustwide/workdir" "-e" "CARGO_TARGET_DIR=/opt/rustwide/target" "-e" "CARGO_INCREMENTAL=0" "-e" "RUST_BACKTRACE=full" "-e" "RUSTFLAGS=--cap-lints=forbid" "-e" "RUSTDOCFLAGS=--cap-lints=forbid" "-e" "CARGO_HOME=/opt/rustwide/cargo-home" "-e" "RUSTUP_HOME=/opt/rustwide/rustup-home" "-w" "/opt/rustwide/workdir" "-m" "1610612736" "--user" "0:0" "--network" "none" "ghcr.io/rust-lang/crates-build-env/linux@sha256:19e73879b68f455e41552ea35293514db52ea292d993f571636dbffedb77a1ee" "/opt/rustwide/cargo-home/bin/cargo" "+9610dfe5a9a731ced1ea4923ecbd0c57fe367898" "check" "--frozen" "--all" "--all-targets" "--message-format=json", kill_on_drop: false }`
[INFO] [stdout] ac536d544843cd9fb4b26acc7f46a1232659a3389756fe459284efb6324fcc02
[INFO] running `Command { std: "docker" "start" "-a" "ac536d544843cd9fb4b26acc7f46a1232659a3389756fe459284efb6324fcc02", kill_on_drop: false }`
[INFO] [stderr]     Checking grob v0.1.1 (/opt/rustwide/workdir)
[INFO] [stdout] error[E0433]: failed to resolve: use of undeclared crate or module `windows`
[INFO] [stdout]   --> src/generic.rs:17:5
[INFO] [stdout]    |
[INFO] [stdout] 17 | use windows::core::PWSTR;
[INFO] [stdout]    |     ^^^^^^^ use of undeclared crate or module `windows`
[INFO] [stdout] 
[INFO] [stdout] 
[INFO] [stdout] error[E0433]: failed to resolve: could not find `windows` in `os`
[INFO] [stdout]   --> src/win.rs:17:14
[INFO] [stdout]    |
[INFO] [stdout] 17 | use std::os::windows::ffi::OsStringExt;
[INFO] [stdout]    |              ^^^^^^^ could not find `windows` in `os`
[INFO] [stdout] 
[INFO] [stdout] 
[INFO] [stdout] error[E0433]: failed to resolve: use of undeclared crate or module `windows`
[INFO] [stdout]   --> src/win.rs:21:5
[INFO] [stdout]    |
[INFO] [stdout] 21 | use windows::core::PWSTR;
[INFO] [stdout]    |     ^^^^^^^ use of undeclared crate or module `windows`
[INFO] [stdout] 
[INFO] [stdout] 
[INFO] [stdout] error[E0433]: failed to resolve: use of undeclared crate or module `windows`
[INFO] [stdout]   --> src/win.rs:22:5
[INFO] [stdout]    |
[INFO] [stdout] 22 | use windows::Win32::Foundation::{
[INFO] [stdout]    |     ^^^^^^^ use of undeclared crate or module `windows`
[INFO] [stdout] 
[INFO] [stdout] 
[INFO] [stdout] error[E0433]: failed to resolve: use of undeclared crate or module `windows`
[INFO] [stdout]   --> src/win.rs:26:5
[INFO] [stdout]    |
[INFO] [stdout] 26 | use windows::Win32::NetworkManagement::NetManagement::UNLEN;
[INFO] [stdout]    |     ^^^^^^^ use of undeclared crate or module `windows`
[INFO] [stdout] 
[INFO] [stdout] 
[INFO] [stdout] error[E0433]: failed to resolve: use of undeclared crate or module `windows`
[INFO] [stdout]   --> src/generic.rs:17:5
[INFO] [stdout]    |
[INFO] [stdout] 17 | use windows::core::PWSTR;
[INFO] [stdout]    |     ^^^^^^^ use of undeclared crate or module `windows`
[INFO] [stdout] 
[INFO] [stdout] 
[INFO] [stdout] error[E0433]: failed to resolve: could not find `windows` in `os`
[INFO] [stdout]   --> src/win.rs:17:14
[INFO] [stdout]    |
[INFO] [stdout] 17 | use std::os::windows::ffi::OsStringExt;
[INFO] [stdout]    |              ^^^^^^^ could not find `windows` in `os`
[INFO] [stdout] 
[INFO] [stdout] 
[INFO] [stdout] error[E0433]: failed to resolve: use of undeclared crate or module `windows`
[INFO] [stdout]   --> src/win.rs:21:5
[INFO] [stdout]    |
[INFO] [stdout] 21 | use windows::core::PWSTR;
[INFO] [stdout]    |     ^^^^^^^ use of undeclared crate or module `windows`
[INFO] [stdout] 
[INFO] [stdout] 
[INFO] [stdout] error[E0433]: failed to resolve: use of undeclared crate or module `windows`
[INFO] [stdout]   --> src/win.rs:22:5
[INFO] [stdout]    |
[INFO] [stdout] 22 | use windows::Win32::Foundation::{
[INFO] [stdout]    |     ^^^^^^^ use of undeclared crate or module `windows`
[INFO] [stdout] 
[INFO] [stdout] 
[INFO] [stdout] error[E0433]: failed to resolve: use of undeclared crate or module `windows`
[INFO] [stdout]   --> src/win.rs:26:5
[INFO] [stdout]    |
[INFO] [stdout] 26 | use windows::Win32::NetworkManagement::NetManagement::UNLEN;
[INFO] [stdout]    |     ^^^^^^^ use of undeclared crate or module `windows`
[INFO] [stdout] 
[INFO] [stdout] 
[INFO] [stdout] error[E0277]: expected a `FnMut<(&mut Argument<'_, _>,)>` closure, found `W`
[INFO] [stdout]    --> src/generic.rs:101:37
[INFO] [stdout]     |
[INFO] [stdout] 101 |     winapi_generic(growable_buffer, api_wrapper, |frozen_buffer| {
[INFO] [stdout]     |     --------------                  ^^^^^^^^^^^ expected an `FnMut<(&mut Argument<'_, _>,)>` closure, found `W`
[INFO] [stdout]     |     |
[INFO] [stdout]     |     required by a bound introduced by this call
[INFO] [stdout]     |
[INFO] [stdout]     = help: the following other types implement trait `FnMut<Args>`:
[INFO] [stdout]               &F
[INFO] [stdout]               &mut F
[INFO] [stdout] note: required by a bound in `winapi_generic`
[INFO] [stdout]    --> src/generic.rs:36:8
[INFO] [stdout]     |
[INFO] [stdout] 27  | pub fn winapi_generic<FT, IT, W, WR, F, U>(
[INFO] [stdout]     |        -------------- required by a bound in this function
[INFO] [stdout] ...
[INFO] [stdout] 36  |     W: FnMut(&mut Argument<IT>) -> WR,
[INFO] [stdout]     |        ^^^^^^^^^^^^^^^^^^^^^^^^^^^^^^ required by this bound in `winapi_generic`
[INFO] [stdout] 
[INFO] [stdout] 
[INFO] [stdout] error[E0277]: expected a `FnMut<(&mut Argument<'_, _>,)>` closure, found `W`
[INFO] [stdout]    --> src/generic.rs:101:37
[INFO] [stdout]     |
[INFO] [stdout] 101 |     winapi_generic(growable_buffer, api_wrapper, |frozen_buffer| {
[INFO] [stdout]     |     --------------                  ^^^^^^^^^^^ expected an `FnMut<(&mut Argument<'_, _>,)>` closure, found `W`
[INFO] [stdout]     |     |
[INFO] [stdout]     |     required by a bound introduced by this call
[INFO] [stdout]     |
[INFO] [stdout]     = help: the following other types implement trait `FnMut<Args>`:
[INFO] [stdout]               &F
[INFO] [stdout]               &mut F
[INFO] [stdout] note: required by a bound in `winapi_generic`
[INFO] [stdout]    --> src/generic.rs:36:8
[INFO] [stdout]     |
[INFO] [stdout] 27  | pub fn winapi_generic<FT, IT, W, WR, F, U>(
[INFO] [stdout]     |        -------------- required by a bound in this function
[INFO] [stdout] ...
[INFO] [stdout] 36  |     W: FnMut(&mut Argument<IT>) -> WR,
[INFO] [stdout]     |        ^^^^^^^^^^^^^^^^^^^^^^^^^^^^^^ required by this bound in `winapi_generic`
[INFO] [stdout] 
[INFO] [stdout] 
[INFO] [stdout] error[E0277]: expected a `FnMut<(&mut Argument<'_, _>,)>` closure, found `W`
[INFO] [stdout]    --> src/generic.rs:117:37
[INFO] [stdout]     |
[INFO] [stdout] 117 |     winapi_generic(growable_buffer, api_wrapper, |frozen_buffer| {
[INFO] [stdout]     |     --------------                  ^^^^^^^^^^^ expected an `FnMut<(&mut Argument<'_, _>,)>` closure, found `W`
[INFO] [stdout]     |     |
[INFO] [stdout]     |     required by a bound introduced by this call
[INFO] [stdout]     |
[INFO] [stdout]     = help: the following other types implement trait `FnMut<Args>`:
[INFO] [stdout]               &F
[INFO] [stdout]               &mut F
[INFO] [stdout] note: required by a bound in `winapi_generic`
[INFO] [stdout]    --> src/generic.rs:36:8
[INFO] [stdout]     |
[INFO] [stdout] 27  | pub fn winapi_generic<FT, IT, W, WR, F, U>(
[INFO] [stdout]     |        -------------- required by a bound in this function
[INFO] [stdout] ...
[INFO] [stdout] 36  |     W: FnMut(&mut Argument<IT>) -> WR,
[INFO] [stdout]     |        ^^^^^^^^^^^^^^^^^^^^^^^^^^^^^^ required by this bound in `winapi_generic`
[INFO] [stdout] 
[INFO] [stdout] 
[INFO] [stdout] error[E0277]: expected a `FnMut<(&mut Argument<'_, _>,)>` closure, found `W`
[INFO] [stdout]    --> src/generic.rs:117:37
[INFO] [stdout]     |
[INFO] [stdout] 117 |     winapi_generic(growable_buffer, api_wrapper, |frozen_buffer| {
[INFO] [stdout]     |     --------------                  ^^^^^^^^^^^ expected an `FnMut<(&mut Argument<'_, _>,)>` closure, found `W`
[INFO] [stdout]     |     |
[INFO] [stdout]     |     required by a bound introduced by this call
[INFO] [stdout]     |
[INFO] [stdout]     = help: the following other types implement trait `FnMut<Args>`:
[INFO] [stdout]               &F
[INFO] [stdout]               &mut F
[INFO] [stdout] note: required by a bound in `winapi_generic`
[INFO] [stdout]    --> src/generic.rs:36:8
[INFO] [stdout]     |
[INFO] [stdout] 27  | pub fn winapi_generic<FT, IT, W, WR, F, U>(
[INFO] [stdout]     |        -------------- required by a bound in this function
[INFO] [stdout] ...
[INFO] [stdout] 36  |     W: FnMut(&mut Argument<IT>) -> WR,
[INFO] [stdout]     |        ^^^^^^^^^^^^^^^^^^^^^^^^^^^^^^ required by this bound in `winapi_generic`
[INFO] [stdout] 
[INFO] [stdout] 
[INFO] [stdout] error[E0599]: no function or associated item named `from_wide` found for struct `OsString` in the current scope
[INFO] [stdout]    --> src/win.rs:174:28
[INFO] [stdout]     |
[INFO] [stdout] 174 |             Some(OsString::from_wide(&v[..last]))
[INFO] [stdout]     |                            ^^^^^^^^^ function or associated item not found in `OsString`
[INFO] [stdout] 
[INFO] [stdout] 
[INFO] [stdout] error[E0599]: no function or associated item named `from_wide` found for struct `OsString` in the current scope
[INFO] [stdout]    --> src/win.rs:174:28
[INFO] [stdout]     |
[INFO] [stdout] 174 |             Some(OsString::from_wide(&v[..last]))
[INFO] [stdout]     |                            ^^^^^^^^^ function or associated item not found in `OsString`
[INFO] [stdout] 
[INFO] [stdout] 
[INFO] [stdout] error: aborting due to 8 previous errors
[INFO] [stdout] 
[INFO] [stdout] 
[INFO] [stdout] Some errors have detailed explanations: E0277, E0433, E0599.
[INFO] [stdout] 
[INFO] [stdout] For more information about an error, try `rustc --explain E0277`.
[INFO] [stdout] 
[INFO] [stdout] error: aborting due to 8 previous errors
[INFO] [stdout] 
[INFO] [stdout] 
[INFO] [stdout] Some errors have detailed explanations: E0277, E0433, E0599.
[INFO] [stdout] 
[INFO] [stdout] For more information about an error, try `rustc --explain E0277`.
[INFO] [stdout] 
[INFO] [stderr] error: could not compile `grob` (lib) due to 9 previous errors
[INFO] [stderr] warning: build failed, waiting for other jobs to finish...
[INFO] [stderr] error: could not compile `grob` (lib test) due to 9 previous errors
[INFO] running `Command { std: "docker" "inspect" "ac536d544843cd9fb4b26acc7f46a1232659a3389756fe459284efb6324fcc02", kill_on_drop: false }`
[INFO] running `Command { std: "docker" "rm" "-f" "ac536d544843cd9fb4b26acc7f46a1232659a3389756fe459284efb6324fcc02", kill_on_drop: false }`
[INFO] [stdout] ac536d544843cd9fb4b26acc7f46a1232659a3389756fe459284efb6324fcc02
